reds digit of 21/(-26 - -131) - (-42774)/5?
5
Let k(h) = 20 + 1577*h + 32 + 145 - 1505*h. What is the tens digit of k(6)?
2
Let j(g) = -g**3 + 10*g**2 - 13*g - 19. Let n be j(8). Suppose r = -d - 2*r + 1024, 4011 = 4*d - n*r. What is the hundreds digit of d?
0
Let n = -120 - -301. Suppose i - 160 = 3*c, -4*i + 487 = 2*c - n. What is the tens digit of i?
6
Let j be -1 - (-14)/4*-8. Let d be 39/(-52) - (-363)/4. Let x = j + d. What is the tens digit of x?
6
Let p(c) = -15*c**3 + 5*c**2 + 22*c + 22. What is the tens digit of p(-4)?
7
What is the ten thousands digit of 15050 + 9*(-6 + 7) + -16?
1
Let c(k) = -14*k - 6. Let j(b) = -14*b - 6. Let a(z) = 2*z + 25. Let h be a(-10). Let l(i) = h*c(i) - 6*j(i). What is the hundreds digit of l(7)?
1
Let q be 11/(-33) + 4/3 - 79. What is the units digit of (-2548)/q - 2/(-6)?
3
Suppose -121*h + 124*h + 300 = 0. Let x = h + 105. Suppose -2*g + 239 = -x*d, 6*g - 11*g + 635 = -5*d. What is the hundreds digit of g?
1
Suppose 25762*n - 3192 = 25741*n. What is the hundreds digit of n?
1
Suppose -2*r + 171 - 45 = 0. What is the units digit of 1588/7 - (-6 - (-369)/r)?
7
Let s be 0 + (152/12)/((-2)/48). Let y = s - -1180. What is the units digit of y?
6
Let t(a) = a**2 - 19. Let u be (22/4)/((-18)/(-12) + -1). What is the hundreds digit of t(u)?
1
Let y = 17 + -20. Let d be (0*(4 - 3))/y. Suppose d*s = -s + 15. What is the units digit of s?
5
Suppose 3*q - 1779 = -3*w, 5*q + w - 4586 + 1593 = 0. What is the units digit of q?
0
Let q(d) = -d + 6. Let l be q(6). Let m(i) be the first derivative of -i**4/4 + i**2/2 + 47*i + 1660. What is the units digit of m(l)?
7
Let z be 4*(2 + -27 - 3). Let y be (14/(-8))/((-136)/(-1088)). Let r = y - z. What is the tens digit of r?
9
Let a(k) = -k**3 + k**2 - 3*k + 7. Let n(c) = c - 1. Let v(o) = a(o) + 6*n(o). Let s be v(-2). What is the tens digit of (-2 + ((-7)/(-2))/s)*-14?
2
Let s(t) = -t**3 - 60*t**2 + 23*t + 793. What is the hundreds digit of s(-61)?
1
Let g(a) = a**2 + 19*a + 20. Let u be g(-14). Let c = u - -53. Suppose 0*q = -q + c. What is the units digit of q?
3
Suppose 4*a + 1369 = -0*a + 82325. What is the thousands digit of a?
0
Suppose -9*m = -m - 24. Let f(y) = -88*y + 11. Let o be f(m). Let x = 398 + o. What is the units digit of x?
5
Let p be 10 - (-689)/(-65) - (-368)/(-20). Let x(i) be the third derivative of -i**4/24 + 10*i**3 - i**2. What is the units digit of x(p)?
9
Let z(f) = 2*f**3 - 10*f**2 + 11*f - 12. Let b be z(9). Suppose 4*h - b = c, -2*h + h = 2*c - 195. What is the units digit of h?
5
Let b = 147 + -135. What is the units digit of (1 + -379)/(b/(-8))?
2
Suppose -4*t = -5*b - 43, 2*b + 2*b + 26 = 2*t. Suppose t*n = -n. Suppose 7*l - 14*l + 315 = n. What is the units digit of l?
5
Suppose -126*w + 269*w = 130*w + 147862. What is the hundreds digit of w?
3
Let v(f) = 115*f - 28. Let a(o) = -77*o + 19. Let h(y) = 7*a(y) + 5*v(y). Let q be h(-4). What is the tens digit of q/(-2) - (-1)/2?
7
Let s(w) = 61*w**3 + 6*w**2 - 6*w - 7. Let v be s(-3). What is the units digit of (-10)/25 + v/(-5)?
6
Let q = -577 - -401. Let v = 462 + q. Suppose 4*k = v + 34. What is the tens digit of k?
8
Let x(s) = -132*s. Let c be 3/4 + (-1)/(8/(-218)). Suppose c = 5*h + 33. What is the hundreds digit of x(h)?
1
Suppose 2*k + 0*k + 21 = -5*c, 3*c + 5 = -5*k. Let s(r) = -5*r**2 + r - 3. Let i be s(c). Let j = 273 + i. What is the hundreds digit of j?
1
Let w(y) = -738*y + 2283. What is the tens digit of w(-6)?
1
Let k = -4802 - -20223. What is the tens digit of k?
2
Let h(j) = -j**3 - 29*j**2 + 61*j - 28. Let p be h(-31). Suppose p*f = -255 + 1026. What is the tens digit of f?
5
Let t(c) = 20*c + 11*c - 38*c + 5*c**2 + 27. What is the tens digit of t(8)?
9
Let a = 89912 + -60741. What is the ten thousands digit of a?
2
What is the hundreds digit of -2*((-177808)/32 - 11)?
1
Let p(a) = 3335*a + 10989. What is the units digit of p(11)?
4
Suppose 3*r + 963 = 2*w, r - 3*w + 307 = -7*w. Let b = -180 - r. What is the tens digit of b?
3
Let q = 133 + -1948. What is the units digit of ((-72)/10)/(66/q)?
8
Let s = -43556 + 78963. What is the ten thousands digit of s?
3
Let q(j) = 25*j**3 + 2*j**2. Let k be q(2). Let f = k - 118. Let i = f + -88. What is the units digit of i?
2
Suppose -2*f - 2*u = -34978, 4*f - 69955 = -27*u + 22*u. What is the ten thousands digit of f?
1
Suppose o = 5, -s + 0*o = o + 600. Let r = -294 - s. What is the units digit of r?
1
Suppose -13*a - 21 = 57. Let d(c) = -c**2 + c + 1. Let t(z) = 7*z**2 - 6*z - 14. Let w(j) = 6*d(j) + t(j). What is the units digit of w(a)?
8
Suppose 0 = -b + 2*b + 2*h - 17, -21 = -b - 3*h. Suppose -b*u + 24717 = 24*u. What is the tens digit of u?
4
Let u(s) = -s**3 - 17*s**2 + 19*s + 21. Let x be u(-18). Suppose 0*q = -x*r - 2*q + 1248, 0 = 5*q + 15. What is the units digit of r?
8
Suppose -6*m + 2*m = -40*m + 200916. What is the thousands digit of m?
5
Suppose 0 = 16*h - 96. What is the hundreds digit of (-9 - (-104)/12) + 2426/h?
4
Suppose -39 - 201 = 4*o. Let w be 58*((-5 - -2) + (2 - 0)). Let s = w - o. What is the units digit of s?
2
Let p = 35257 - 16706. What is the hundreds digit of p?
5
Let a = 39110 - 21637. What is the units digit of a?
3
Let n(y) = y**3 + 18*y**2 - 20*y - 20. Let o be n(-19). Let p be o/(-4)*2 + 899/(-58). Let m(j) = -j**2 - 23*j - 30. What is the units digit of m(p)?
0
Let y(n) = -10*n**2 + 10 + 3*n - 13*n**2 + 22*n**2. Let a be y(5). Suppose a = -4*b - 16, 4*i - 78 = 2*i - 5*b. What is the tens digit of i?
4
Suppose -8*b = 2*a - 18006, -13*a + 8*a - 2*b = -45087. What is the thousands digit of a?
9
What is the units digit of (1/(-3 + -1))/(23/11745272*-14)?
9
Suppose 10*q - 45*q = 5*q - 1002400. What is the thousands digit of q?
5
What is the ten thousands digit of (-10444392)/(-442) + 4/26?
2
Let u(y) = 3*y**2 + 10*y - 3. Let x be u(-4). What is the units digit of (-1052)/(-3) + x/15?
1
Let p = 135 + -85. Let o = p - 49. What is the tens digit of (o + -5)*(-83)/4?
8
Suppose -3962856 = -30*u - 210*u - 213336. What is the tens digit of u?
2
Let n = 331 + -215. Suppose n*x = 120*x - 540. What is the tens digit of x?
3
Suppose -4*s = 6*r - 2*r - 16, -5*s = -2*r - 20. Suppose -t + s = 2*d - 0*d, 5*d - 15 = -5*t. What is the hundreds digit of (-6 - -1)*(d - (-606)/(-10))?
2
Suppose -13*r + 18*r + 4*t = 65082, t = 5*r - 65092. What is the hundreds digit of r?
0
Let v be ((-36)/10)/((90/(-25))/(-9)). Let b(u) = 7*u**2 + 59*u + 16. What is the tens digit of b(v)?
5
Let o(a) = -2*a**2 + 0*a + a**2 - 19 + 19*a. What is the tens digit of o(13)?
5
Let n = -61 + 63. Let l be (n + -3)*(-3)/(5 + -2). What is the units digit of 51/4*(l - -7)?
2
Suppose -841702 - 1582141 = -95*n - 319213. What is the units digit of n?
4
Let q(t) = 70*t**2 - 252*t + 4094. What is the ten thousands digit of q(16)?
1
Let l be 8 - 6*7/(42/4). Suppose 0 = -l*h - 2*h + 2478. What is the units digit of h?
3
Suppose 0 = -0*o + 4*o + 12. Let c be o/((-6)/4) - 0. Suppose 0 = -2*q + 3*q + 3*v - 49, 0 = 3*q - c*v - 125. What is the tens digit of q?
4
Let p = 61 - 56. Suppose 0 = 8*c + p - 29. What is the units digit of 388/14 + ((-12)/(-14))/c?
8
Let n = -3839 - -6053. What is the thousands digit of n?
2
Let q(k) = k**2 + 20*k - 11. Let f be q(-20). What is the units digit of 6/(-8)*(-10 - -38)*f?
1
Let y(i) = 22*i**2 + 61*i + 96. What is the hundreds digit of y(-20)?
6
Let d(s) = -3*s. Let c be d(-3). Suppose 0 = 5*h - c*h + 8. Suppose 0 = 3*o - h*n - 330, -5*o + 6*n + 552 = 2*n. What is the tens digit of o?
0
Suppose -8 - 52 = -20*a. Suppose 3*n + 122 = 3*q - 82, 0 = q - a*n - 66. What is the units digit of q?
9
Suppose -7106492 = -246*k - 663506. What is the thousands digit of k?
6
Let b(i) = -i**3 + 2*i**2 + 5*i - 4. Let s be b(3). Let m(o) = -2*o**s + 6*o + 0*o + 7*o + 13*o + 13. What is the tens digit of m(12)?
3
Let b be 7 + -3 - (-1*6 + 3). Suppose -b*x = -5*x - 1180. Suppose -42*u + 37*u = -x. What is the tens digit of u?
1
Let s(b) = b**3 - 8*b**2 + 8*b + 9. Let l be s(7). Suppose -15*t - 2 = -l*t. Suppose -2*c + 253 = -3*y, -3*c - 2*y + 405 = t*y. What is the hundreds digit of c?
1
Let w be (-4 - 296)/4*12/36. What is the units digit of 15*(-5)/(-15)*(-5220)/w?
4
Let b be 3799 + (-4)/(-12)*-21. Suppose 2*c = 5*w + 2539, -b = 27*